{"id":160,"date":"2016-10-26T15:44:53","date_gmt":"2016-10-26T13:44:53","guid":{"rendered":"http:\/\/www.goldendreamcatchers.de\/wordpress\/?page_id=160"},"modified":"2016-10-26T15:49:28","modified_gmt":"2016-10-26T13:49:28","slug":"160-2","status":"publish","type":"page","link":"https:\/\/www.goldendreamcatchers.de\/wordpress\/160-2\/","title":{"rendered":"Philosophie"},"content":{"rendered":"<p>Wir z\u00fcchten nach den strengen Richtlinien des Golden Retriever Clubs e.V.<\/p>\n<p>Unser Zuchtziel ist es, gesunde, fr\u00f6hliche, wesensfeste und rassetypische Golden zu z\u00fcchten, die f\u00fcr die Arbeit und auch f\u00fcr Ausstellungen geeignet sind. Nach besten Wissen und Gewissen planen wir eine Verpaarung, in der der Deckr\u00fcde sich m\u00f6glichst gut in Sachen Wesen und Gesundheit mit unserer H\u00fcndin erg\u00e4nzen soll. Mit einer verantwortungsvollen Wurfplanung und Verpaarung versuchen wir die besten Voraussetzungen zu geben, um ein gesundes Hundeleben zu erm\u00f6glichen.<\/p>\n<p>Unsere Hunde sind f\u00fcr uns Freund, Partner, Familienmitglied und sind \u00fcberall dabei. Sie sind unsere st\u00e4ndigen Begleiter und so sollen auch unsere Welpen mit ihrer neuen Familie zusammenwachsen und zu einem treuen Begleiter werden.<\/p>\n<p>Unsere Welpen werden in unserem Wohnzimmer geboren und liebevoll im Haus und Garten aufgezogen. Sie werden fr\u00fch an unterschiedliche akustische und optische Reize und an andere Menschen, Hunderassen und Tierarten gew\u00f6hnt. Sie lernen auch schon mal kurz eine Runde Autofahren (mit Mama). Vor Abgabe werden die Welpen entwurmt, geimpft und gechipt und d\u00fcrfen im Alter von 8 Wochen, nach Freigabe des Zuchtwartes und des Tierarztes, hinaus in die gro\u00dfe Welt zu ihren neuen Besitzern. Die Welpenk\u00e4ufer erhalten von uns eine GRC-Ahnentafel, einen EU-Heimtierausweis und eine Welpenmappe mit Informationen rund um Erziehung, F\u00fctterung und Gesundheit.<\/p>\n<p><a href=\"http:\/\/www.goldendreamcatchers.de\/wordpress\/wp-content\/uploads\/2016\/10\/Welpen_mit_Ivette.jpg\"><img loading=\"lazy\" decoding=\"async\" class=\"size-medium wp-image-164 alignleft\" src=\"http:\/\/www.goldendreamcatchers.de\/wordpress\/wp-content\/uploads\/2016\/10\/Welpen_mit_Ivette-243x300.jpg\" alt=\"welpen_mit_ivette\" width=\"243\" height=\"300\" srcset=\"https:\/\/www.goldendreamcatchers.de\/wordpress\/wp-content\/uploads\/2016\/10\/Welpen_mit_Ivette-243x300.jpg 243w, https:\/\/www.goldendreamcatchers.de\/wordpress\/wp-content\/uploads\/2016\/10\/Welpen_mit_Ivette.jpg 300w\" sizes=\"auto, (max-width: 243px) 100vw, 243px\" \/><\/a>F\u00fcr unsere Welpen w\u00fcnschen wir uns nur das Beste: Welpenk\u00e4ufer, die ihren Golden ein liebevolles und artgerechtes Zuhause mit engem Kontakt zur Familie geben k\u00f6nnen. Golden Retriever wollen geistig und mit sinnvoller Arbeit besch\u00e4ftigt werden und sollten eine gute Erziehung und Pr\u00e4gung erhalten, dann sind sie die angenehmsten Familienbegleiter, die man sich w\u00fcnschen kann. Der Golden Retriever ist ein Apportierhund, gez\u00fcchtet f\u00fcr die Arbeit nach dem Schuss. Idealerweise haben Sie als Welpenk\u00e4ufer Interesse an Dummyarbeit. Weitere M\u00f6glichkeiten sind der Einsatz als Therapie-, Rettungshund- oder F\u00e4hrtenhund, usw. Der Golden Retriever ist vielseitig und somit bieten sich einige M\u00f6glichkeiten den Golden artgerecht auszubilden. Ein Besuch auf der einen oder anderen Ausstellung w\u00fcrde uns auch sehr freuen.<\/p>\n<p>Um unser Zuchtziel zu ereichen und uns stetig verbessern und pr\u00fcfen zu k\u00f6nnen, erwarten wir von unseren Welpenk\u00e4ufern, dass Sie ihren Golden ab dem 12. Monat auf HD und ED r\u00f6ntgen lassen.<\/p>\n<p>Wir sind an der Entwicklung unserer Welpen sehr interessiert und werden regelm\u00e4\u00dfig Wurftreffen anbieten. Wir w\u00fcnschen uns ein ganzes Hundeleben lang Kontakt\u00a0 zu unseren Welpenbesitzern und stehen jeder Zeit mit Rat und Tat zur Seite.<\/p>\n<p>Was unterscheidet unsere Zucht im GRC e.V. von &#8222;Z\u00fcchtern&#8220;, die au\u00dferhalb des VDH (GRC und DRC) Golden Retrieverwelpen vermehren? Ausf\u00fchrliche Informationen finden Sie unter\u00a0 &#8222;<a href=\"http:\/\/www.drc.de\/zucht\/welpenkauf.html\" target=\"_blank\">Augen auf beim Welpenkauf<\/a>&#8222;<\/p>\n","protected":false},"excerpt":{"rendered":"<p>Wir z\u00fcchten nach den strengen Richtlinien des Golden Retriever Clubs e.V. Unser Zuchtziel ist es, gesunde, fr\u00f6hliche, wesensfeste und rassetypische Golden zu z\u00fcchten, die f\u00fcr die Arbeit und auch f\u00fcr Ausstellungen geeignet sind. Nach besten Wissen und Gewissen planen wir eine Verpaarung, in der der Deckr\u00fcde sich m\u00f6glichst gut in Sachen Wesen und Gesundheit mit [&hellip;]<\/p>\n","protected":false},"author":1,"featured_media":0,"parent":0,"menu_order":0,"comment_status":"closed","ping_status":"closed","template":"page-templates\/template-left-right.php","meta":{"footnotes":""},"class_list":["post-160","page","type-page","status-publish","hentry"],"_links":{"self":[{"href":"https:\/\/www.goldendreamcatchers.de\/wordpress\/wp-json\/wp\/v2\/pages\/160","targetHints":{"allow":["GET"]}}],"collection":[{"href":"https:\/\/www.goldendreamcatchers.de\/wordpress\/wp-json\/wp\/v2\/pages"}],"about":[{"href":"https:\/\/www.goldendreamcatchers.de\/wordpress\/wp-json\/wp\/v2\/types\/page"}],"author":[{"embeddable":true,"href":"https:\/\/www.goldendreamcatchers.de\/wordpress\/wp-json\/wp\/v2\/users\/1"}],"replies":[{"embeddable":true,"href":"https:\/\/www.goldendreamcatchers.de\/wordpress\/wp-json\/wp\/v2\/comments?post=160"}],"version-history":[{"count":4,"href":"https:\/\/www.goldendreamcatchers.de\/wordpress\/wp-json\/wp\/v2\/pages\/160\/revisions"}],"predecessor-version":[{"id":166,"href":"https:\/\/www.goldendreamcatchers.de\/wordpress\/wp-json\/wp\/v2\/pages\/160\/revisions\/166"}],"wp:attachment":[{"href":"https:\/\/www.goldendreamcatchers.de\/wordpress\/wp-json\/wp\/v2\/media?parent=160"}],"curies":[{"name":"wp","href":"https:\/\/api.w.org\/{rel}","templated":true}]}}