{"id":37,"date":"2016-10-19T15:27:18","date_gmt":"2016-10-19T13:27:18","guid":{"rendered":"http:\/\/www.goldendreamcatchers.de\/wordpress\/?page_id=37"},"modified":"2018-03-25T12:23:09","modified_gmt":"2018-03-25T10:23:09","slug":"g-wurf","status":"publish","type":"page","link":"https:\/\/www.goldendreamcatchers.de\/wordpress\/g-wurf\/","title":{"rendered":"G &#8211; Wurf"},"content":{"rendered":"<p><a href=\"http:\/\/www.goldendreamcatchers.de\/wordpress\/g-wurf-galerie\/\">Aktuelle Bilder vom G-Wurf:\u00a0<\/a><\/p>\n<hr \/>\n<p>Nach sorgf\u00e4ltiger Auswahl des Deckr\u00fcdens, haben wir uns wieder f\u00fcr\u00a0den R\u00fcden Ashbury It\u00b4s Now Or Never, &#8222;Marlon&#8220; aus dem Kennel ROMIDAS von Dorli Equilino in der Schweiz entschieden. Wir erhoffen uns aus dieser Verpaarung \u00a0creme bis hellgoldene Welpen, die sich durch ihr sanftes Wesen mit viel &#8222;will to please&#8220; auszeichnen.<\/p>\n<h5><span style=\"color: #800080;\">Inzwischen waren wir bei Marlon:<\/span><\/h5>\n<p>Am 20.01. und 21.01.2018 &#8211; Am\u00e9lie wurde von Marlon gedeckt. Wir hatten eine wunderbare, sehr schneereiche und lustige Zeit in der Schweiz. Lieben Dank, Dorli, f\u00fcr die sch\u00f6nen Tage bei Euch!<\/p>\n<h5><span style=\"color: #800080;\">15.02.2018<\/span><\/h5>\n<p>Heute war ich mit Am\u00e9lie beim Ultraschall. Am\u00e9lie ist tragend :0) Wir haben kleine pochende Welpenherzchen gesehen:-)<\/p>\n<p>Wenn alles weiterhin planm\u00e4\u00dfig verl\u00e4uft, kommen die Welpen um den 24. M\u00e4rz 2018 herum und sie k\u00f6nnten Ende Mai 2018 in ihre Familien umziehen.<\/p>\n<p>23.03.2018<\/p>\n<p>Unser G-Wurf ist gl\u00fccklich und gesund gelandet. Am\u00e9lie schenkte uns 10 Welpen, davon hat es leider ein R\u00fcde nicht geschafft. Nun f\u00fcllen 5 R\u00fcden und 4 H\u00fcndinnen die Wurfkiste.<\/p>\n<figure id=\"attachment_850\" aria-describedby=\"caption-attachment-850\" style=\"width: 602px\" class=\"wp-caption alignnone\"><img loading=\"lazy\" decoding=\"async\" class=\" wp-image-850\" src=\"http:\/\/www.goldendreamcatchers.de\/wordpress\/wp-content\/uploads\/2018\/03\/Woche-1-7-von-9.jpg\" alt=\"Woche 1 - 7 von 9\" width=\"602\" height=\"401\" srcset=\"https:\/\/www.goldendreamcatchers.de\/wordpress\/wp-content\/uploads\/2018\/03\/Woche-1-7-von-9.jpg 1500w, https:\/\/www.goldendreamcatchers.de\/wordpress\/wp-content\/uploads\/2018\/03\/Woche-1-7-von-9-300x200.jpg 300w, https:\/\/www.goldendreamcatchers.de\/wordpress\/wp-content\/uploads\/2018\/03\/Woche-1-7-von-9-768x512.jpg 768w, https:\/\/www.goldendreamcatchers.de\/wordpress\/wp-content\/uploads\/2018\/03\/Woche-1-7-von-9-1024x683.jpg 1024w\" sizes=\"auto, (max-width: 602px) 100vw, 602px\" \/><figcaption id=\"caption-attachment-850\" class=\"wp-caption-text\">24. M\u00e4rz 2018<\/figcaption><\/figure>\n<p><img loading=\"lazy\" decoding=\"async\" class=\"alignnone size-full wp-image-757\" src=\"http:\/\/www.goldendreamcatchers.de\/wordpress\/wp-content\/uploads\/2018\/01\/marlon-amelie-3.jpg\" alt=\"\" width=\"1012\" height=\"721\" srcset=\"https:\/\/www.goldendreamcatchers.de\/wordpress\/wp-content\/uploads\/2018\/01\/marlon-amelie-3.jpg 1012w, https:\/\/www.goldendreamcatchers.de\/wordpress\/wp-content\/uploads\/2018\/01\/marlon-amelie-3-300x214.jpg 300w, https:\/\/www.goldendreamcatchers.de\/wordpress\/wp-content\/uploads\/2018\/01\/marlon-amelie-3-768x547.jpg 768w\" sizes=\"auto, (max-width: 1012px) 100vw, 1012px\" \/><\/p>\n<p><a style=\"font-size: 0.813rem;\" href=\"http:\/\/www.goldendreamcatchers.de\/wordpress\/wp-content\/uploads\/2016\/10\/Amelie-und-Marlon-1.jpg\"><img loading=\"lazy\" decoding=\"async\" class=\"alignnone size-full wp-image-47\" src=\"http:\/\/www.goldendreamcatchers.de\/wordpress\/wp-content\/uploads\/2016\/10\/Amelie-und-Marlon-1.jpg\" alt=\"amelie-und-marlon-1\" width=\"500\" height=\"361\" srcset=\"https:\/\/www.goldendreamcatchers.de\/wordpress\/wp-content\/uploads\/2016\/10\/Amelie-und-Marlon-1.jpg 500w, https:\/\/www.goldendreamcatchers.de\/wordpress\/wp-content\/uploads\/2016\/10\/Amelie-und-Marlon-1-300x217.jpg 300w\" sizes=\"auto, (max-width: 500px) 100vw, 500px\" \/><\/a><\/p>\n<hr \/>\n<h5><span style=\"color: #800080;\">Ahnentafel der Welpen:<\/span><\/h5>\n<p>&nbsp;<\/p>\n<div class=\"supsystic-table-loader spinner\"><\/div><div id=\"supsystic-table-1_37392\" class=\"supsystic-tables-wrap \" style=\" width:100%; visibility: hidden; \" data-table-width-fixed=\"100%\" ><table id=\"supsystic-table-1\" class=\"supsystic-table border lightboxImg row-border\" data-id=\"1\" data-view-id=\"1_37392\" data-title=\"pedigree fWurf\" data-currency-format=\"$1,000.00\" data-percent-format=\"10.00%\" data-date-format=\"DD.MM.YYYY\" data-time-format=\"HH:mm\" data-features=\"[]\" data-search-value=\"\" data-lightbox-img=\"\" data-pagination-length=\"50,100,All\" data-auto-index=\"off\" data-lang=\"default\" data-override=\"{&quot;file&quot;:&quot;default&quot;,&quot;emptyTable&quot;:&quot;&quot;,&quot;info&quot;:&quot;&quot;,&quot;infoEmpty&quot;:&quot;&quot;,&quot;infoFiltered&quot;:&quot;&quot;,&quot;lengthMenu&quot;:&quot;&quot;,&quot;search&quot;:&quot;&quot;,&quot;zeroRecords&quot;:&quot;&quot;}\" data-merged=\"[{&quot;row&quot;:0,&quot;col&quot;:0,&quot;rowspan&quot;:4,&quot;colspan&quot;:1},{&quot;row&quot;:4,&quot;col&quot;:0,&quot;rowspan&quot;:4,&quot;colspan&quot;:1},{&quot;row&quot;:0,&quot;col&quot;:1,&quot;rowspan&quot;:2,&quot;colspan&quot;:1},{&quot;row&quot;:2,&quot;col&quot;:1,&quot;rowspan&quot;:2,&quot;colspan&quot;:1},{&quot;row&quot;:4,&quot;col&quot;:1,&quot;rowspan&quot;:2,&quot;colspan&quot;:1},{&quot;row&quot;:6,&quot;col&quot;:1,&quot;rowspan&quot;:2,&quot;colspan&quot;:1}]\" data-responsive-mode=\"0\" data-from-history=\"0\" ><thead><tr><th class=\"\" style=\"padding: 0 !important;\"><\/th><th class=\"\" style=\"padding: 0 !important;\"><\/th><th class=\"\" style=\"padding: 0 !important;\"><\/th><\/tr><\/thead><tbody><tr style=\"height:37px\" ><td data-cell-id=\"A1\" data-x=\"0\" data-y=\"1\" data-db-index=\"1\" class=\"htMiddle htCenter bg-f4eaea\" data-cell-type=\"text\" data-original-value=\"Ashbury&lt;br&gt;It\u00b4s Now Or Never\" data-order=\"Ashbury&lt;br&gt;It\u00b4s Now Or Never\" style=\"min-width:31.8881%; \" data-colspan=\"1\" data-rowspan=\"4\" >Ashbury<br>It\u00b4s Now Or Never <\/td><td data-cell-id=\"B1\" data-x=\"1\" data-y=\"1\" data-db-index=\"1\" class=\"htCenter htMiddle bg-efcad4\" data-cell-type=\"text\" data-original-value=\"Jako`s Nordic Charm\" data-order=\"Jako`s Nordic Charm\" style=\"min-width:31.1888%; \" data-colspan=\"1\" data-rowspan=\"2\" >Jako`s Nordic Charm <\/td><td data-cell-id=\"C1\" data-x=\"2\" data-y=\"1\" data-db-index=\"1\" class=\"htCenter htMiddle htCenter htMiddle bg-c38eac\" data-cell-type=\"text\" data-original-value=\"Tottelina Observer\" data-order=\"Tottelina Observer\" style=\"min-width:36.9231%; \" >Tottelina Observer <\/td><\/tr><tr style=\"height:32px\" ><td data-cell-id=\"A2\" data-x=\"0\" data-y=\"2\" data-db-index=\"2\" class=\"htMiddle htCenter bg-f4eaea\" data-cell-type=\"text\" data-original-value=\"\" data-order=\"\" data-hide=\"true\" ><\/td><td data-cell-id=\"B2\" data-x=\"1\" data-y=\"2\" data-db-index=\"2\" class=\"htCenter htMiddle bg-efcad4\" data-cell-type=\"text\" data-original-value=\"\" data-order=\"\" data-hide=\"true\" ><\/td><td data-cell-id=\"C2\" data-x=\"2\" data-y=\"2\" data-db-index=\"2\" class=\"htCenter htCenter htMiddle bg-c38eac\" data-cell-type=\"text\" data-original-value=\"Jako`s Amazing Grace\" data-order=\"Jako`s Amazing Grace\" >Jako`s Amazing Grace <\/td><\/tr><tr style=\"height:35px\" ><td data-cell-id=\"A3\" data-x=\"0\" data-y=\"3\" data-db-index=\"3\" class=\"htMiddle htCenter bg-f4eaea\" data-cell-type=\"text\" data-original-value=\"\" data-order=\"\" data-hide=\"true\" ><\/td><td data-cell-id=\"B3\" data-x=\"1\" data-y=\"3\" data-db-index=\"3\" class=\"htCenter htMiddle bg-efcad4\" data-cell-type=\"text\" data-original-value=\"Ashbury Art Of Love\" data-order=\"Ashbury Art Of Love\" data-colspan=\"1\" data-rowspan=\"2\" >Ashbury Art Of Love <\/td><td data-cell-id=\"C3\" data-x=\"2\" data-y=\"3\" data-db-index=\"3\" class=\"htCenter htMiddle htCenter htMiddle bg-c38eac\" data-cell-type=\"text\" data-original-value=\"Taram Du Bois De La Ray\u00e8re\" data-order=\"Taram Du Bois De La Ray\u00e8re\" >Taram Du Bois De La Ray\u00e8re <\/td><\/tr><tr style=\"height:33px\" ><td data-cell-id=\"A4\" data-x=\"0\" data-y=\"4\" data-db-index=\"4\" class=\"htMiddle htCenter bg-f4eaea\" data-cell-type=\"text\" data-original-value=\"\" data-order=\"\" data-hide=\"true\" ><\/td><td data-cell-id=\"B4\" data-x=\"1\" data-y=\"4\" data-db-index=\"4\" class=\"htCenter htMiddle bg-efcad4\" data-cell-type=\"text\" data-original-value=\"\" data-order=\"\" data-hide=\"true\" ><\/td><td data-cell-id=\"C4\" data-x=\"2\" data-y=\"4\" data-db-index=\"4\" class=\"htCenter htMiddle bg-c38eac\" data-cell-type=\"text\" data-original-value=\"Ashbury Summer Sun\" data-order=\"Ashbury Summer Sun\" >Ashbury Summer Sun <\/td><\/tr><tr style=\"height:35px\" ><td data-cell-id=\"A5\" data-x=\"0\" data-y=\"5\" data-db-index=\"5\" class=\"htCenter htMiddle bg-f4eaea\" data-cell-type=\"text\" data-original-value=\"Golden Dreamcatchers&lt;br&gt;Adorable Am\u00e9lie \" data-order=\"Golden Dreamcatchers&lt;br&gt;Adorable Am\u00e9lie \" data-colspan=\"1\" data-rowspan=\"4\" >Golden Dreamcatchers<br>Adorable Am\u00e9lie <\/td><td data-cell-id=\"B5\" data-x=\"1\" data-y=\"5\" data-db-index=\"5\" class=\"htCenter htMiddle bg-efcad4\" data-cell-type=\"text\" data-original-value=\"Rossellle Keanu For Romidas\" data-order=\"Rossellle Keanu For Romidas\" data-colspan=\"1\" data-rowspan=\"2\" >Rossellle Keanu For Romidas <\/td><td data-cell-id=\"C5\" data-x=\"2\" data-y=\"5\" data-db-index=\"5\" class=\"htCenter htMiddle bg-c38eac\" data-cell-type=\"text\" data-original-value=\"Chinordale Kirribillie\" data-order=\"Chinordale Kirribillie\" >Chinordale Kirribillie <\/td><\/tr><tr style=\"height:29px\" ><td data-cell-id=\"A6\" data-x=\"0\" data-y=\"6\" data-db-index=\"6\" class=\"htCenter htMiddle bg-f4eaea\" data-cell-type=\"text\" data-original-value=\"\" data-order=\"\" data-hide=\"true\" ><\/td><td data-cell-id=\"B6\" data-x=\"1\" data-y=\"6\" data-db-index=\"6\" class=\"htCenter htMiddle bg-efcad4\" data-cell-type=\"text\" data-original-value=\"Rossellle Keanu For Romidas\" data-order=\"Rossellle Keanu For Romidas\" data-hide=\"true\" >Rossellle Keanu For Romidas <\/td><td data-cell-id=\"C6\" data-x=\"2\" data-y=\"6\" data-db-index=\"6\" class=\"htCenter htMiddle bg-c38eac\" data-cell-type=\"text\" data-original-value=\"Rossellle Rigaletto\" data-order=\"Rossellle Rigaletto\" >Rossellle Rigaletto <\/td><\/tr><tr style=\"height:32px\" ><td data-cell-id=\"A7\" data-x=\"0\" data-y=\"7\" data-db-index=\"7\" class=\"htCenter htMiddle bg-f4eaea\" data-cell-type=\"text\" data-original-value=\"\" data-order=\"\" data-hide=\"true\" ><\/td><td data-cell-id=\"B7\" data-x=\"1\" data-y=\"7\" data-db-index=\"7\" class=\"htCenter htMiddle bg-efcad4\" data-cell-type=\"text\" data-original-value=\"Little Violet\u00b4s Orange Blossom\" data-order=\"Little Violet\u00b4s Orange Blossom\" data-colspan=\"1\" data-rowspan=\"2\" >Little Violet\u00b4s Orange Blossom <\/td><td data-cell-id=\"C7\" data-x=\"2\" data-y=\"7\" data-db-index=\"7\" class=\"htCenter htMiddle bg-c38eac\" data-cell-type=\"text\" data-original-value=\"Little Violet\u00b4s Blue Moon\" data-order=\"Little Violet\u00b4s Blue Moon\" >Little Violet\u00b4s Blue Moon <\/td><\/tr><tr style=\"height:30px\" ><td data-cell-id=\"A8\" data-x=\"0\" data-y=\"8\" data-db-index=\"8\" class=\"htCenter htMiddle bg-f4eaea\" data-cell-type=\"text\" data-original-value=\"\" data-order=\"\" data-hide=\"true\" ><\/td><td data-cell-id=\"B8\" data-x=\"1\" data-y=\"8\" data-db-index=\"8\" class=\"htCenter htMiddle bg-efcad4\" data-cell-type=\"text\" data-original-value=\"Little Violet\u00b4s Orange Blossom\" data-order=\"Little Violet\u00b4s Orange Blossom\" data-hide=\"true\" >Little Violet\u00b4s Orange Blossom <\/td><td data-cell-id=\"C8\" data-x=\"2\" data-y=\"8\" data-db-index=\"8\" class=\"htCenter htMiddle bg-c38eac\" data-cell-type=\"text\" data-original-value=\"Little Violet\u00b4s White Love\" data-order=\"Little Violet\u00b4s White Love\" >Little Violet\u00b4s White Love <\/td><\/tr><\/tbody><\/table><!-- \/#supsystic-table-1.supsystic-table --><\/div><!-- \/.supsystic-tables-wrap --><!-- Tables Generator by Supsystic --><!-- Version:1.11.0 --><!-- http:\/\/supsystic.com\/ --><a title=\"WP Data Tables\" style=\"display:none;\" href=\"https:\/\/supsystic.com\/plugins\/wordpress-data-table-plugin\/?utm_medium=love_link\" target=\"_blank\">WP Data Tables<\/a>\n<p>&nbsp;<\/p>\n<p>&nbsp;<\/p>\n","protected":false},"excerpt":{"rendered":"<p>Aktuelle Bilder vom G-Wurf:\u00a0 Nach sorgf\u00e4ltiger Auswahl des Deckr\u00fcdens, haben wir uns wieder f\u00fcr\u00a0den R\u00fcden Ashbury It\u00b4s Now Or Never, &#8222;Marlon&#8220; aus dem Kennel ROMIDAS von Dorli Equilino in der Schweiz entschieden. Wir erhoffen uns aus dieser Verpaarung \u00a0creme bis hellgoldene Welpen, die sich durch ihr sanftes Wesen mit viel &#8222;will to please&#8220; auszeichnen. Inzwischen [&hellip;]<\/p>\n","protected":false},"author":1,"featured_media":0,"parent":0,"menu_order":0,"comment_status":"closed","ping_status":"closed","template":"page-templates\/template-left-right.php","meta":{"footnotes":""},"class_list":["post-37","page","type-page","status-publish","hentry"],"_links":{"self":[{"href":"https:\/\/www.goldendreamcatchers.de\/wordpress\/wp-json\/wp\/v2\/pages\/37","targetHints":{"allow":["GET"]}}],"collection":[{"href":"https:\/\/www.goldendreamcatchers.de\/wordpress\/wp-json\/wp\/v2\/pages"}],"about":[{"href":"https:\/\/www.goldendreamcatchers.de\/wordpress\/wp-json\/wp\/v2\/types\/page"}],"author":[{"embeddable":true,"href":"https:\/\/www.goldendreamcatchers.de\/wordpress\/wp-json\/wp\/v2\/users\/1"}],"replies":[{"embeddable":true,"href":"https:\/\/www.goldendreamcatchers.de\/wordpress\/wp-json\/wp\/v2\/comments?post=37"}],"version-history":[{"count":20,"href":"https:\/\/www.goldendreamcatchers.de\/wordpress\/wp-json\/wp\/v2\/pages\/37\/revisions"}],"predecessor-version":[{"id":860,"href":"https:\/\/www.goldendreamcatchers.de\/wordpress\/wp-json\/wp\/v2\/pages\/37\/revisions\/860"}],"wp:attachment":[{"href":"https:\/\/www.goldendreamcatchers.de\/wordpress\/wp-json\/wp\/v2\/media?parent=37"}],"curies":[{"name":"wp","href":"https:\/\/api.w.org\/{rel}","templated":true}]}}