{"id":97,"date":"2016-10-24T07:21:10","date_gmt":"2016-10-24T05:21:10","guid":{"rendered":"http:\/\/www.goldendreamcatchers.de\/wordpress\/?page_id=97"},"modified":"2016-11-03T16:07:56","modified_gmt":"2016-11-03T15:07:56","slug":"kontakt","status":"publish","type":"page","link":"https:\/\/www.goldendreamcatchers.de\/wordpress\/kontakt\/","title":{"rendered":"Kontakt"},"content":{"rendered":"<hr \/>\n<blockquote>\n<h5 style=\"text-align: center;\">Andrea Gompf<\/h5>\n<p>Tannenweg 7<br \/>\n35510 Butzbach<br \/>\nphone: 06033 15 6 82<br \/>\ne-mail: andrea@goldendreamcatchers.de<\/p><\/blockquote>\n<h5><\/h5>\n<hr \/>\n<h6><strong><em><span style=\"text-decoration: underline;\">Impressum<\/span><\/em><\/strong><\/h6>\n<h6>Copyright:<\/h6>\n<p>s\u00e4mtliche Inhalte &#8211; Texte, Bilder, Grafiken sowie Layout &#8211; dieser Seite unterliegen dem Copyright der Betreiberin. Jede Kopie ohne vorherige Genehmigung ist untersagt.<\/p>\n<h6>Haftungsausschlu\u00df<\/h6>\n<p>Trotz sorgf\u00e4ltiger inhaltlicher Kontrolle \u00fcbernehmen wir keine Haftung f\u00fcr die Inhalte externer Links. F\u00fcr den Inhalt der verlinkten Seiten sind ausschlie\u00dflich deren Betreiber verantwortlich.<\/p>\n<p>&nbsp;<\/p>\n<p>&nbsp;<\/p>\n","protected":false},"excerpt":{"rendered":"<p>Andrea Gompf Tannenweg 7 35510 Butzbach phone: 06033 15 6 82 e-mail: andrea@goldendreamcatchers.de Impressum Copyright: s\u00e4mtliche Inhalte &#8211; Texte, Bilder, Grafiken sowie Layout &#8211; dieser Seite unterliegen dem Copyright der Betreiberin. Jede Kopie ohne vorherige Genehmigung ist untersagt. Haftungsausschlu\u00df Trotz sorgf\u00e4ltiger inhaltlicher Kontrolle \u00fcbernehmen wir keine Haftung f\u00fcr die Inhalte externer Links. F\u00fcr den Inhalt [&hellip;]<\/p>\n","protected":false},"author":1,"featured_media":0,"parent":0,"menu_order":0,"comment_status":"closed","ping_status":"closed","template":"page-templates\/template-left-right.php","meta":{"footnotes":""},"class_list":["post-97","page","type-page","status-publish","hentry"],"_links":{"self":[{"href":"https:\/\/www.goldendreamcatchers.de\/wordpress\/wp-json\/wp\/v2\/pages\/97","targetHints":{"allow":["GET"]}}],"collection":[{"href":"https:\/\/www.goldendreamcatchers.de\/wordpress\/wp-json\/wp\/v2\/pages"}],"about":[{"href":"https:\/\/www.goldendreamcatchers.de\/wordpress\/wp-json\/wp\/v2\/types\/page"}],"author":[{"embeddable":true,"href":"https:\/\/www.goldendreamcatchers.de\/wordpress\/wp-json\/wp\/v2\/users\/1"}],"replies":[{"embeddable":true,"href":"https:\/\/www.goldendreamcatchers.de\/wordpress\/wp-json\/wp\/v2\/comments?post=97"}],"version-history":[{"count":10,"href":"https:\/\/www.goldendreamcatchers.de\/wordpress\/wp-json\/wp\/v2\/pages\/97\/revisions"}],"predecessor-version":[{"id":286,"href":"https:\/\/www.goldendreamcatchers.de\/wordpress\/wp-json\/wp\/v2\/pages\/97\/revisions\/286"}],"wp:attachment":[{"href":"https:\/\/www.goldendreamcatchers.de\/wordpress\/wp-json\/wp\/v2\/media?parent=97"}],"curies":[{"name":"wp","href":"https:\/\/api.w.org\/{rel}","templated":true}]}}